85180. What are the prime factors of b?
3, 19, 857
Suppose 5*d + 5*w = 80, d + 0*d + 2*w - 12 = 0. Let t = d + -18. Suppose -165 = -3*s + i, -4*s + 129 + 91 = t*i. List the prime factors of s.
5, 11
Let x = -190 + 111. Let j = 1 + x. What are the prime factors of (j/(-18))/((-3)/(-54))?
2, 3, 13
Suppose 4*d = -52*i + 47*i + 126320, 0 = -2*d + 3*i + 63182. What are the prime factors of d?
5, 6317
Let t(s) = 28*s**2 - 11*s + 53. Let p = -529 - -535. List the prime factors of t(p).
5, 199
What are the prime factors of ((-37017)/45)/(122/(-280) - (-52)/182)?
2, 3, 457
Suppose -c + 4*b = -25482, -485*c + 489*c = b + 102048. What are the prime factors of c?
2, 12757
Let k(d) = 7612*d + 372. List the prime factors of k(2).
2, 7, 557
Let r be (-840 + 7)/((-2)/(-2) - 2). Suppose 644 = -r*l + 840*l. What are the prime factors of l?
2, 23
Suppose -3*i - 140*x + 42669 = -144*x, 3*i + x = 42669. List the prime factors of i.
3, 11, 431
Let j = 72341 - 39606. What are the prime factors of j?
5, 6547
Suppose 3*q = -2*h + 53583, -4*q - 5*h + 92008 = 20550. What are the prime factors of q?
7, 2551
Let b be (15/(-9))/(10/180). Let v(t) = t**3 + 30*t**2 - 35*t - 130. List the prime factors of v(b).
2, 5, 23
Suppose 4470569 = 276*n - 248755. What are the prime factors of n?
17099
Let z(q) be the first derivative of 36 + 3*q + 133/3*q**3 - 3/2*q**2. What are the prime factors of z(1)?
7, 19
Let a(j) = j**3 + 98*j**2 - 76*j + 2479. What are the prime factors of a(-97)?
2, 3, 5, 107
Let a be (-8 - -1) + (-12)/(-4). Let i = a + -5. List the prime factors of (5/((-20)/i))/(1/4).
3
Suppose -4*f - 16 = 0, -3*f - 55858 = -2*h - 10188. What are the prime factors of h?
37, 617
Suppose -125*r + 217648 = -606294 - 301683. What are the prime factors of r?
5, 1801
Suppose 6*c = 17 + 55. Suppose 581 = c*a - 1459. List the prime factors of a.
2, 5, 17
Let j(g) = 42*g**2 - 14*g - 84. Suppose -25*i + 17*i - 48 = 0. List the prime factors of j(i).
2, 3, 7
Let a = -921 + -215. Let c = 1945 + a. List the prime factors of c.
809
Suppose -4 = 2*z, 0 = 3*f - 5*z - 103 - 159. Let k = 98 - f. List the prime factors of (-5)/(30/(-128))*189/k.
2, 3
Let n(r) be the first derivative of 2*r**3/3 - 4*r**2 - 29*r + 35. Let c be n(-10). Suppose c = b + 4*s - 37, 4*b + 2*s = 1096. List the prime factors of b.
2, 17
List the prime factors of (-3 - (-38082)/30)*4 + 8/20.
2, 17, 149
Suppose 41*f + 199*f = 2003520. List the prime factors of f.
2, 2087
Let m = 158 - -223. Let j = -34 + m. What are the prime factors of j?
347
Let i = -17 - -21. Suppose -t - q - 16 = 4*q, -4*t + i*q = 160. Let c = t + 66. What are the prime factors of c?
2, 3, 5
Let u be (-8)/(-40) - (-48)/10. Let i(l) = -14*l + 48*l - 13*l - 72 - u*l. What are the prime factors of i(14)?
2, 19
Suppose -4*k + 15883 = 3*w, 5*w - 9*w - 23782 = -6*k. What are the prime factors of k?
3967
Let k = -206 - -206. Suppose s - 2*s + 5*g + 16 = k, s - 4*g - 21 = 0. What are the prime factors of s?
41
Suppose -4*c + 0*c = -5*v + 20, -2*c + 2*v = 8. Suppose c = -133*g + 139*g - 96. What are the prime factors of g?
2
Let l(m) = 10*m + 14. Let b be l(-3). Let j = 290 + b. Let v = j - 173. List the prime factors of v.
101
Suppose 23*b - 7355 = 14334. Suppose -q = -a - b, 0 = 5*q + 24*a - 25*a - 4735. What are the prime factors of q?
2, 3, 79
Let n = 73 - 70. Let z be 866/n + 2*2/3. Suppose -f + 137 = -4*g + 4, 2*f - z = 2*g. List the prime factors of f.
149
Let b(n) = 21*n**2 + 121*n - 25. List the prime factors of b(-17).
3, 443
Let l(u) = -u**2 + 6*u + 10. Let i be l(7). Let j(d) = 6*d**3 - 1. Let y be j(i). Suppose -21 = -p - 5*k, 5*p - 4*k + k = y. List the prime factors of p.
31
List the prime factors of (-104180)/5*(-375)/300.
5, 5209
Suppose w + 121*v - 895 = 126*v, -899 = -w + v. List the prime factors of w.
2, 3, 5
Let b be (1/2)/((-1)/(-14)). Suppose 0 = -b*u - 382 + 32. Let x = 159 - u. What are the prime factors of x?
11, 19
Let r(i) = i**3 + 12*i**2 - 17*i - 12. Suppose -5*u - 2*m - 154 = -m, 0 = 5*u + 3*m + 152. Let w = u - -18. List the prime factors of r(w).
2, 5
Suppose -3*s - 5*i = -0*i - 307, -5*i = s - 119. Let c = s + -89. Suppose c*j = 88 + 732. List the prime factors of j.
2, 41
Let d(n) = 2*n + 43. Let l be d(-19). Suppose 182 = l*y - 4*h - 2636, -2*y - 2*h = -1138. What are the prime factors of y?
2, 283
Suppose -18 = -5*i - 3*k - 42, -3*i = -k + 6. Let b(a) = -24*a**3 - 4*a**2 - 4*a - 12. List the prime factors of b(i).
2, 3, 17
Let u = 832 - 268. Let a = u + -166. Suppose 6*o = 232 + a. List the prime factors of o.
3, 5, 7
List the prime factors of ((-26824119)/(-1454))/((-1)/(-2)).
3, 7, 251
List the prime factors of ((-47826)/(-27))/1 + (-1)/3.
7, 11, 23
Let s(k) = k**3 - 14*k**2 + 22*k + 16. Let x be s(13). Let p = x - 33. Suppose -3*f = -2*g - 69, -g + p = 4*f + 19. What are the prime factors of f?
3, 7
Let q = -55 - -238. Suppose -q - 157 = 4*s. Let u = -24 - s. List the prime factors of u.
61
Let q(a) = -50*a - 2. Suppose 0*m + 5*j - 8 = -m, -5*j = -4*m - 18. Let x be q(m). Suppose 3*n + 437 = 4*c + 2*n, c - x = 4*n. What are the prime factors of c?
2, 5, 11
Suppose 13 + 8 = 7*k. Let c be 1004/k - 32/(-24). Suppose 0 = 5*q - 964 - c. List the prime factors of q.
2, 5, 13
Suppose 3*i + 2*b - 8 = 0, -3*i - 1 = -4*i + b. What are the prime factors of 4/4 + 1557 + i*-2?
2, 3, 7, 37
Suppose 1755*q = 1766*q - 485837. List the prime factors of q.
29, 1523
Let f = -19 + 23. Suppose 4*z + 246 = -5*m + 914, m - 652 = -f*z. Suppose -2*j - z = -4*j. What are the prime factors of j?
3
Let l(d) be the second derivative of 5*d**3/6 - 10*d**2 - 2*d + 30. List the prime factors of l(7).
3, 5
Let v(y) = y**3 + 9*y**2 - 13*y - 19. Suppose -5*a + 6 = -m, -19 = 5*m + 3*a + 11. List the prime factors of v(m).
167
Suppose -3*s + 13 = 2*w, -s = -2*w - 5 + 14. Let p(i) = 2*i**3 + 8*i**2 - 6*i - 4. What are the prime factors of p(w)?
2, 13
Let q = 176 - 162. Suppose 133 = q*w - 175. List the prime factors of w.
2, 11
Let f = 3564 - -2689. What are the prime factors of f?
13, 37
Let k = 68938 + -31313. What are the prime factors of k?
5, 7, 43
Let j be 6/8 + -8 + 10710/24. Let a = 1367 - j. List the prime factors of a.
2, 29
Let y = -157 - -150. Let a be 5 + (0 - 1) + (y - -9). Let b(x) = 47*x + 20. What are the prime factors of b(a)?
2, 151
Let t(b) = -59 + 2*b**2 + 135 - b**3 + 419 - 45 - b. List the prime factors of t(0).
2, 3, 5
Suppose 4*o - 204412 = -4*d, -5*o - 73903 = -4*d + 130482. What are the prime factors of d?
2, 5, 7, 73
Let u(n) = -n**3 - n**2 - 15. Suppose -4*t + 26 = 2*i, -2*i + 23 = 4*t - i. Suppose -b + t*j + 25 = -3*b, 2*b = -2*j - 16. List the prime factors of u(b).
5, 17
Let a = 7823 + 25350. List the prime factors of a.
7, 677
Let f(j) = 8633*j**2 + 71*j + 69. What are the prime factors of f(-1)?
3, 7, 137
Suppose -2*x = x + 6, 0 = 4*p + 2*x - 8152. Let k(r) = -3*r**2 - 11*r - r**2 + p*r**3 - 2038*r**3 + 18. List the prime factors of k(8).
2, 3, 31
Let u = -74 + 135. Let r(p) = 0 - 59*p + 16*p**2 + u*p - 4. List the prime factors of r(-3).
2, 67
Let h be 1278/10 - (-7)/35. Suppose p = c + 4*c - 585, c - h = -2*p. List the prime factors of c.
2, 59
What are the prime factors of 16376 + (-1)/((8/28)/(-2))?
3, 43, 127
Let n(q) = q**3 - 12*q**2 + 8*q - 69. Let l be n(12). Let w = 12 - 6. Let t = l + w. List the prime factors of t.
3, 11
Let r(a) = 7851*a - 11811. List the prime factors of r(12).
3, 11, 227
Let y(f) = -30*f. Let o be y(-1). Let x = -36 + o. Let b = x - -82. What are the prime factors of b?
2, 19
Suppose 0 = -y - 201 - 672. Let x = -338 - y. List the prime factors of x.
5, 107
Suppose -7*c = -4*c + 2*r + 1624, -r - 2 = 0. What are the prime factors of c/(-2)*(-36)/(-90)?
2, 3
Suppose -3*w - z - 686 = 0, -464 = 2*w - 52*z + 51*z. List the prime factors of 3/(90/(-96))*w.
2, 23
Let h be (-12 - 253/(-22))/(2/(-20)). Let c(l) = 43*l**2 + 6*l + 7. List the prime factors of c(h).
2, 139
Let g(o) = 2*o**3 - 5*o**2 + 2*o + 110. Let u(f) = -5*f**3 + 14*f**2 - 5*f - 331. Let s(v) = -8*g(v) - 3*u(v). List the prime factors of s(0).
113
Suppose 5*g - 36456 = -3*m, -36474 = 14*g - 19*g + 3*m. What are the prime factors of g?
3, 11, 13, 17
Suppose -34363 - 438370 = -109*s. List the prime factors of s.
4337
Suppose 48*q = 12